*r, 7*r = 4*t + 5*r - 298. Calculate the highest common divisor of 16 and t.
8
Let j(p) = p**2 + 251*p - 4553. Let a be j(17). Suppose -2*t = -7*t + 75. Calculate the greatest common factor of t and a.
3
Let x be (-10)/(4/(-42)*1). Suppose 4*v + 2*a - 83 - 5 = 0, 29 = v + 4*a. What is the highest common factor of x and v?
21
Let x be 16 + -3 + -8 - (-1385 + 4). What is the greatest common factor of 28 and x?
14
Let w = -576 + 696. Calculate the highest common factor of 45 and w.
15
Suppose -9*k = -0*k. Let u(o) = 2*o**3 - o**2 + 40. Let y be u(k). Calculate the greatest common divisor of 140 and y.
20
Let l be (-26)/(1/(-2)*52/195). Calculate the greatest common factor of 39 and l.
39
Suppose 97 = 5*q - 8. Suppose -630 = 396*p - 402*p. Calculate the greatest common factor of q and p.
21
Suppose 3*w - i = 83 + 147, -2*w + 2*i + 148 = 0. Calculate the greatest common divisor of 130 and w.
26
Let r(l) = -195*l + 1360. Let x be r(6). Calculate the highest common factor of 2375 and x.
95
Suppose 5*t - 625 = -5*d, -d - 299 - 176 = -4*t. Let p = 98 - 83. What is the greatest common factor of t and p?
15
Suppose -45 = -6*c - 15. Suppose -2*d - 17 = -4*b + 3, c*b = -5*d + 55. Calculate the greatest common divisor of 28 and b.
7
Suppose 5*p + 2*n - 1021 = 1396, 5*n + 961 = 2*p. Calculate the highest common divisor of 345 and p.
69
Let a be 6/(-2 - -5) + 54. Let r = a + -31. What is the highest common factor of 175 and r?
25
Let d = 22 + -11. Let v = 18 - 16. Suppose -t - 2 = 0, -3*y - v*t + 371 = -6*t. What is the highest common divisor of d and y?
11
Let m(r) = r**3 - 2*r**2 + r + 42. Let u be m(0). Calculate the highest common factor of 6 and u.
6
Suppose d + 0*d = g - 31, d + 5 = 0. Let m = -72 + 102. Suppose g*p - m = 21*p. Calculate the greatest common divisor of 42 and p.
6
Let u be (-2)/13 + 6/39. Suppose 2*d - 622 = -u*d. Suppose 0 = -3*f + 9, -3*f = -4*c + d. Calculate the greatest common factor of 16 and c.
16
Suppose 0 = 4*y + 3*k - 361, -7*y - 5*k + 450 = -2*y. Calculate the highest common factor of 7 and y.
7
Let g be (-382)/(-8) - (-4)/16. Suppose -q - q = -g. Let t(f) = f**2 - 4*f + 4. Let j be t(6). Calculate the highest common divisor of q and j.
8
Suppose -5*k - 44 = -2*o, -3*k - 5 + 53 = 5*o. Let v(i) = i + 14. Let z be v(o). Let u be ((-10)/4)/((-13)/z). Calculate the highest common factor of 55 and u.
5
Let t(r) = 2*r + 16. Let f be t(-7). Suppose -4*y + 348 = 2*i, i + 0 = -f. Let o be (-5)/(-2*2/y). Calculate the highest common factor of 10 and o.
10
Let m be (4 - 6) + (1*78)/(-1). Let c = m + 272. What is the greatest common divisor of 24 and c?
24
Let t(z) = 9*z - 1. Let u be t(3). Let x(s) = -s + 15. Let a be x(12). Suppose -2574 = -8*r - a*r. What is the greatest common factor of u and r?
26
Suppose 2*v - 3 = v. Suppose 4*w - 25 = -y, -3*y + 77 = v*w + 20. What is the highest common factor of 187 and y?
17
Let y = 621 - 373. What is the highest common factor of y and 8?
8
Suppose 5*i - 5*r + 8 - 3 = 0, 2*i + 4*r + 8 = 0. Let n be -1*22/i + -3. Let l be ((-10)/15)/((-1)/30). What is the highest common divisor of l and n?
4
Let w be ((170/4)/(-5))/((-2)/84). Calculate the highest common divisor of w and 408.
51
Suppose 145 + 244 = 19*d + 180. Suppose 2*h = -3*h - 2*y + 613, 2*h = -2*y + 250. Calculate the greatest common divisor of h and d.
11
Let c = -235 - -256. Calculate the greatest common factor of 987 and c.
21
Let s = 25 + -50. Let m be (-49)/(-2) + (-4)/(-8). Let f = m - s. What is the greatest common factor of 10 and f?
10
Let w = -367 + 94. Let l = w + 436. Let r be l/3 - 8/(-12). What is the greatest common divisor of 22 and r?
11
Let d(p) = 12*p - 166. Let o be d(14). What is the greatest common divisor of o and 30?
2
Let d(x) = 5*x**2 - x - 6. Suppose -4*l - 3*k + 15 = -1, 9 = -l - 4*k. Let j = -9 + l. Let c be d(j). Calculate the greatest common factor of 80 and c.
16
Let p be 6/(-8)*6/9*-10. Calculate the highest common divisor of 25 and p.
5
Let k = 9 - 9. Suppose 2*v - g - 9 = k, -g = -v - 0*g + 4. Let h be 13 + v/((-10)/6). Calculate the highest common factor of h and 30.
10
Suppose -483 = -27*v + 20*v. What is the highest common factor of 3 and v?
3
Let w(a) = -a**2 - 18*a + 10. Let t be w(-13). Suppose -2*x = 2*h - 3*h + 36, -3*x - t = -2*h. What is the greatest common divisor of h and 6?
6
Suppose -4*z + 3*h = -0*h + 98, 4*h = -3*z - 86. Let v = -11 - z. Let i = -746 - -821. Calculate the highest common factor of i and v.
15
Suppose 10*p - 3605 = -85. Calculate the highest common factor of p and 11.
11
Let h = 1133 + -1049. Calculate the highest common factor of h and 308.
28
Let i be 9 + (1/4)/(7/(-28)). Suppose -2*j + i = 0, -l + j = 4*l - 426. What is the greatest common divisor of 43 and l?
43
Let x be (-2)/(-8) - (-162)/24. Suppose 2*z = -5*m + 282, 3*m - 2*z - 38 = 128. What is the greatest common divisor of x and m?
7
Let d = 1241 + -1231. What is the greatest common divisor of 545 and d?
5
Let h = 96 + -91. Suppose h*x - 3*x - 4*i = 40, 4*x = -5*i + 28. What is the greatest common factor of x and 6?
6
Let d(u) = u**2 - 9*u + 10. Let t be d(8). Suppose 2600 = 7*x - t*x. Suppose -7*l = -12*l + x. Calculate the highest common factor of l and 13.
13
Suppose -5*a + 109 = t - 291, 5*a - 2*t - 385 = 0. Suppose a = 4*l + 23. What is the highest common divisor of l and 140?
14
Let s(h) = -h**3 + 7*h**2 + 6*h - 33. Let n be s(7). Calculate the greatest common divisor of n and 333.
9
Suppose 185 = 8*y - 55. What is the highest common factor of 1350 and y?
30
Suppose 2*v + 51 = -3*k + 274, -k + 3*v = -78. What is the greatest common factor of 125 and k?
25
Let z be 26/6 - 78/234. Let s(o) = o**2 + 2*o - 5. Let v be ((-10)/(-2))/(-3 - -2). Let j be s(v). What is the highest common divisor of z and j?
2
Let x be (-9)/(-72) - (78/(-16) + 1). Let m(s) = -2*s - 2. Let t be m(-15). Calculate the highest common divisor of x and t.
4
Suppose 0 = 5*z - 3*h + 4*h - 725, 2*h = 0. Let l = z - 33. Calculate the highest common divisor of l and 14.
14
Let v(w) = 2*w**3 - 2*w**2 - 6*w + 5. Let p be v(3). Suppose 4*b + p = 87. Calculate the highest common factor of 24 and b.
8
Let l be (-1069)/((-3)/(-6) + -1). Suppose -1421 = -2*t + r, -2*t - t + l = 5*r. Suppose -5*d = -t - 9. What is the highest common factor of d and 16?
16
Suppose -2*u - d = -35, -4*u = 3*d - 76 + 9. What is the greatest common factor of 133 and u?
19
Let h(r) = -8*r**2 + r + 3. Let t(j) = 9*j**2 - 3. Let z(s) = -6*h(s) - 4*t(s). Let n be z(-1). Calculate the highest common divisor of 132 and n.
12
Let t = 14 + 0. Let k = t - 9. Suppose 0 = 3*w - 5*r + 22, -2*w - 13 = -2*r - k. What is the greatest common divisor of 2 and w?
1
Let x be ((-6192)/301)/((-3)/70). What is the highest common factor of 15 and x?
15
Let t be 4/(-5) + -16494*1/(-30). What is the highest common divisor of 9 and t?
9
Let c(g) = 2*g**3 + 19*g**2 - 18*g - 4. Let n be c(-10). Calculate the greatest common divisor of n and 36.
4
Suppose -5*z = -79 - 1651. Let k = z + -186. What is the highest common divisor of k and 64?
32
Suppose 8 + 27 = -5*q. Let l = -3 - q. Let p = 16 + 4. Calculate the highest common divisor of l and p.
4
Let j(o) = 33*o**2 - 1. Let v be j(1). Suppose 28 = -4*m, -60*y = -62*y - m + 41. What is the greatest common factor of v and y?
8
Suppose -4*m + 12 = 2*m. Let g be (-1)/2 - (-15)/2. Suppose 0*t - 5*f + g = -t, -f = -m. Calculate the highest common divisor of 6 and t.
3
Suppose -3*v - 4 = q - 24, 0 = -4*v + 3*q + 44. Let h = 0 - -2. Suppose -h*j + 120 = j. Calculate the highest common factor of j and v.
8
Suppose -i + 72 = 2*g, -2*g - 5*i + 3*i + 72 = 0. Let f be (-119)/(-9) - 8/g. What is the highest common factor of f and 91?
13
Let x = -2016 + 3385. What is the highest common divisor of 37 and x?
37
Let o = 60 - 101. Let w = -25 - o. Let a be 5/(-15) + (-13)/(-3). Calculate the greatest common divisor of a and w.
4
Suppose 9*p = -0*p + 576. Let v(j) = 2*j + 8. Let z be v(4). What is the greatest common factor of z and p?
16
Suppose -70 = -5*k - 5*b, -17*k + 28 = -15*k - b. Calculate the highest common factor of 1162 and k.
14
Suppose -152 = -4*w + 100. Let p = w - 25. What is the highest common factor of 95 and p?
19
Suppose d + 14 = -4*h - 26, -59 = 2*d + h